{"id":358,"date":"2020-06-26T23:09:32","date_gmt":"2020-06-26T21:09:32","guid":{"rendered":"https:\/\/www.teouty.com\/?page_id=358"},"modified":"2021-10-01T23:49:23","modified_gmt":"2021-10-01T21:49:23","slug":"mentions-legales","status":"publish","type":"page","link":"https:\/\/www.teouty.com\/?page_id=358","title":{"rendered":"Mentions l\u00e9gales"},"content":{"rendered":"\n<h2 class=\"wp-block-heading\">Teouty.com<\/h2>\n\n\n\n<p>Email: contact@teouty.com <br>H\u00e9bergeur : SAS OVH<\/p>\n\n\n\n<h3 class=\"wp-block-heading\">Conditions d\u2019utilisation du site www.teouty.com <\/h3>\n\n\n\n<p>L\u2019utilisation du site&nbsp;<a rel=\"noreferrer noopener\" href=\"https:\/\/ayurveda-sainte-maxime.fr\/\" target=\"_blank\"><\/a><a rel=\"noreferrer noopener\" href=\"https:\/\/ayurveda-sainte-maxime.fr\/\" target=\"_blank\">teouty.com<\/a>&nbsp;implique l\u2019acceptation pleine et enti\u00e8re des conditions g\u00e9n\u00e9rales d\u2019utilisation ci-apr\u00e8s d\u00e9crites. Ces conditions d\u2019utilisation sont susceptibles d\u2019\u00eatre modifi\u00e9es ou compl\u00e9t\u00e9es \u00e0 tout moment. Les utilisateurs du site&nbsp;<a rel=\"noreferrer noopener\" href=\"https:\/\/ayurveda-sainte-maxime.fr\/\" target=\"_blank\"><\/a><a rel=\"noreferrer noopener\" href=\"https:\/\/ayurveda-sainte-maxime.fr\/\" target=\"_blank\">teouty.com<\/a> sont donc invit\u00e9s \u00e0 les consulter de fa\u00e7on r\u00e9guli\u00e8re.<\/p>\n\n\n\n<h3 class=\"wp-block-heading\">Description des services fournis<\/h3>\n\n\n\n<p>Le site\u00a0<a rel=\"noreferrer noopener\" href=\"https:\/\/ayurveda-sainte-maxime.fr\/\" target=\"_blank\"><\/a><a rel=\"noreferrer noopener\" href=\"https:\/\/ayurveda-sainte-maxime.fr\/\" target=\"_blank\">teouty.com<\/a>\u00a0a pour objet de fournir une information et une prestation de services concernant le bien \u00eatre et la gu\u00e9rison \u00e9nerg\u00e9tique.<\/p>\n\n\n\n<p>Toutes les informations indiqu\u00e9es sur le site&nbsp;<a rel=\"noreferrer noopener\" href=\"https:\/\/ayurveda-sainte-maxime.fr\/\" target=\"_blank\">teouty.com<\/a>&nbsp;sont donn\u00e9es \u00e0 titre indicatif, et sont susceptibles d\u2019\u00e9voluer. Par ailleurs, les renseignements figurant sur le site&nbsp;<a rel=\"noreferrer noopener\" href=\"https:\/\/ayurveda-sainte-maxime.fr\/\" target=\"_blank\"><\/a><a rel=\"noreferrer noopener\" href=\"https:\/\/ayurveda-sainte-maxime.fr\/\" target=\"_blank\">teouty.com<\/a>&nbsp;ne sont pas exhaustifs. Ils sont donn\u00e9s sous r\u00e9serve de modifications ayant \u00e9t\u00e9 apport\u00e9es depuis leur mise en ligne.<\/p>\n\n\n\n<h3 class=\"wp-block-heading\">Limitations contractuelles<\/h3>\n\n\n\n<p>Le site Internet <meta charset=\"utf-8\"><a rel=\"noreferrer noopener\" href=\"https:\/\/ayurveda-sainte-maxime.fr\/\" target=\"_blank\">teouty.com<\/a> ne pourra \u00eatre tenu responsable de dommages mat\u00e9riels li\u00e9s \u00e0 l\u2019utilisation du site.<\/p>\n\n\n\n<h3 class=\"wp-block-heading\">Propri\u00e9t\u00e9 intellectuelle<\/h3>\n\n\n\n<p>Le nom du site <a rel=\"noreferrer noopener\" href=\"https:\/\/ayurveda-sainte-maxime.fr\/\" target=\"_blank\">teouty.com<\/a> et son logo sont sont prot\u00e9g\u00e9s par des droits de propri\u00e9t\u00e9 intellectuelle et des droits d\u2019usage sur tous les \u00e9l\u00e9ments accessibles sur le site ou accessibles plus tard sur des produits d\u00e9riv\u00e9s. Tous les autres m\u00e9dias, ic\u00f4nes et images sont issus de sites internet libres de droits tels que  Pixabay.com.<\/p>\n\n\n\n<p>Toutes les explications sur les techniques de gu\u00e9rison expos\u00e9es sur le site <a rel=\"noreferrer noopener\" href=\"https:\/\/ayurveda-sainte-maxime.fr\/\" target=\"_blank\">teouty.com<\/a> sont une synth\u00e8se des divers livres, cours et \u00e9l\u00e9ments fournis par Institute for Inner Studies et des enseignements du Grand Ma\u00eetre Choa Kok Sui, fondateur de la Gu\u00e9rison Pranique Moderne.<\/p>\n\n\n\n<p>Toute reproduction, repr\u00e9sentation, modification, publication, adaptation de tout ou partie des \u00e9l\u00e9ments du site, quel que soit le moyen ou le proc\u00e9d\u00e9 utilis\u00e9, est libre, sauf mention sp\u00e9ciale.<\/p>\n\n\n\n<h3 class=\"wp-block-heading\">Donn\u00e9es personnelles<\/h3>\n\n\n\n<p>D&rsquo;une fa\u00e7on g\u00e9n\u00e9rale, vous pouvez visiter notre site Internet sans avoir \u00e0 d\u00e9cliner votre identit\u00e9 et \u00e0 fournir des informations personnelles vous concernant. Cependant, nous pouvons parfois vous demander ces informations. Par exemple, pour traiter une commande, r\u00e9pondre \u00e0 une correspondance. <\/p>\n","protected":false},"excerpt":{"rendered":"<p>Teouty.com Email: contact@teouty.com H\u00e9bergeur : SAS OVH Conditions d\u2019utilisation du site www.teouty.com L\u2019utilisation du site&nbsp;teouty.com&nbsp;implique l\u2019acceptation pleine et enti\u00e8re des conditions g\u00e9n\u00e9rales d\u2019utilisation ci-apr\u00e8s d\u00e9crites. Ces conditions d\u2019utilisation sont susceptibles d\u2019\u00eatre modifi\u00e9es ou compl\u00e9t\u00e9es \u00e0 tout moment. Les utilisateurs du site&nbsp;teouty.com sont donc invit\u00e9s \u00e0 les consulter de fa\u00e7on r\u00e9guli\u00e8re. Description des services fournis Le &hellip; <\/p>\n","protected":false},"author":1,"featured_media":0,"parent":0,"menu_order":6,"comment_status":"closed","ping_status":"closed","template":"","meta":{"footnotes":""},"class_list":["post-358","page","type-page","status-publish","hentry","latest_post"],"_links":{"self":[{"href":"https:\/\/www.teouty.com\/index.php?rest_route=\/wp\/v2\/pages\/358","targetHints":{"allow":["GET"]}}],"collection":[{"href":"https:\/\/www.teouty.com\/index.php?rest_route=\/wp\/v2\/pages"}],"about":[{"href":"https:\/\/www.teouty.com\/index.php?rest_route=\/wp\/v2\/types\/page"}],"author":[{"embeddable":true,"href":"https:\/\/www.teouty.com\/index.php?rest_route=\/wp\/v2\/users\/1"}],"replies":[{"embeddable":true,"href":"https:\/\/www.teouty.com\/index.php?rest_route=%2Fwp%2Fv2%2Fcomments&post=358"}],"version-history":[{"count":7,"href":"https:\/\/www.teouty.com\/index.php?rest_route=\/wp\/v2\/pages\/358\/revisions"}],"predecessor-version":[{"id":746,"href":"https:\/\/www.teouty.com\/index.php?rest_route=\/wp\/v2\/pages\/358\/revisions\/746"}],"wp:attachment":[{"href":"https:\/\/www.teouty.com\/index.php?rest_route=%2Fwp%2Fv2%2Fmedia&parent=358"}],"curies":[{"name":"wp","href":"https:\/\/api.w.org\/{rel}","templated":true}]}}